{"id":22,"date":"2015-06-12T13:34:57","date_gmt":"2015-06-12T13:34:57","guid":{"rendered":"http:\/\/hu.nourisheu.com\/?page_id=22"},"modified":"2015-06-12T15:28:20","modified_gmt":"2015-06-12T15:28:20","slug":"partnereinkrol","status":"publish","type":"page","link":"https:\/\/hu.nourisheu.com\/?page_id=22","title":{"rendered":"Partnereinkr\u0151l"},"content":{"rendered":"<div class=\"widget\"><div class=\"widget-title\"><h3 class=\"nomargin\">Partnereink<\/h3><\/div><div class=\"widget-content\">Partnereink egy halad\u00f3 gondolkod\u00e1s\u00fa \u00e9s j\u00f3l fel\u00e9p\u00edtett csapatot alkotnak, amelyben szakk\u00e9pz\u0151 szervezetek \u00e9s speci\u00e1lisan az agr\u00e1r-\u00e9lelmiszeriparra szakosodott int\u00e9zm\u00e9nyek m\u0171k\u00f6dnek egy\u00fctt, a v\u00e1llalkoz\u00f3i, non-profit \u00e9s \u00e1llami szektorb\u00f3l egyar\u00e1nt. A projekt partnerei az \u00e9lelmiszer-\u00e1gazathoz f\u0171z\u0151d\u0151 kapcsolatuk, a szakk\u00e9pz\u00e9sben bet\u00f6lt\u00f6tt szerep\u00fck \u00e9s helyi kapcsolataik alapj\u00e1n lettek kiv\u00e1lasztva. A kapcsolatrendszer\u00fck fontos szerepet t\u00f6lt be az eg\u00e9szs\u00e9ges \u00e9telek \u00e9s a fejl\u0151d\u00e9s ir\u00e1nti elk\u00f6telezetts\u00e9g kult\u00far\u00e1j\u00e1nak terjeszt\u00e9s\u00e9ben mind az agr\u00e1r-\u00e9lelmiszer \u00e1gazat kisv\u00e1llalkoz\u00e1sainak k\u00f6r\u00e9ben, mind a d\u00f6nt\u00e9shoz\u00f3k k\u00f6z\u00f6tt. <\/div><\/div>\n<div class=\"tabs-container vertical-tabs clearfix\"><div class=\"column threecol tabs\"><ul><li><h5 class=\"nomargin\"><a href=\"#cido-egyesult-kiralysag\">CIDO - Egyes\u00fclt Kir\u00e1lys\u00e1g<\/a><\/h5><\/li><li><h5 class=\"nomargin\"><a href=\"#the-food-hub-irorszag\">The Food Hub - \u00cdrorsz\u00e1g<\/a><\/h5><\/li><li><h5 class=\"nomargin\"><a href=\"#momentum-irorszag\">Momentum - \u00cdrorsz\u00e1g<\/a><\/h5><\/li><li><h5 class=\"nomargin\"><a href=\"#canice-consulting-egyesult-kiralysag\">Canice Consulting - Egyes\u00fclt Kir\u00e1lys\u00e1g<\/a><\/h5><\/li><li><h5 class=\"nomargin\"><a href=\"#euro-perspectives-foundation-bulgaria\">Euro Perspectives Foundation - Bulg\u00e1ria<\/a><\/h5><\/li><li><h5 class=\"nomargin\"><a href=\"#vm-kaszk-magyarorszag\">VM KASZK - Magyarorsz\u00e1g<\/a><\/h5><\/li><\/ul><\/div><div class=\"panes column ninecol last\"><div class=\"pane\" id=\"cido-egyesult-kiralysag-tab\"><div class=\"sevencol column\">\n<h1>CIDO<\/h1>\n<p style=\"text-align: justify;\">Az \u00e9szak-\u00edr CIDO a projektvezet\u0151 szervezet. A CIDO egy er\u0151s, transznacion\u00e1lis v\u00e1llalat, amely az agr\u00e1r-\u00e9lelmiszeriparral foglalkozik. A Brian Hunter vezette c\u00e9g szorosan egy\u00fcttm\u0171k\u00f6dik az agr\u00e1r-\u00e9lelmiszeripar t\u00f6bbi r\u00e9sztvev\u0151j\u00e9vel, amely 2014 febru\u00e1rj\u00e1ban t\u00f6bb, mint 10 000 embert foglalkoztatott Craigavon k\u00f6rny\u00e9k\u00e9n. Az ipar\u00e1g-specifikus tud\u00e1suk \u00e9s a kiterjedt kapcsolati h\u00e1l\u00f3juk lehet\u0151v\u00e9 teszi sz\u00e1mukra, hogy eredm\u00e9nyesen vezess\u00e9k a projektet.<\/p>\n<a href=\"http:\/\/www.cido.co.uk\/\" target=\"_self\" class=\"button small primary\">Visit CIDO Website<\/a><\/div><div class=\"fivecol column last\"><a href=\"http:\/\/nourisheu.com\/wp-content\/uploads\/2015\/01\/Cido.jpg\"><img loading=\"lazy\" decoding=\"async\" class=\"alignnone size-full wp-image-2213\" src=\"http:\/\/nourisheu.com\/wp-content\/uploads\/2015\/01\/Cido.jpg\" alt=\"Cido\" width=\"350\" height=\"250\" \/><\/a><\/div><div class=\"clear\"><\/div><\/div><div class=\"pane\" id=\"the-food-hub-irorszag-tab\"><div class=\"sevencol column\">\n<h1>The Food Hub<\/h1>\n<p style=\"text-align: justify;\">A \u00edr, drumshanbo-i Food Hub a legjobb megold\u00e1s az \u00e9lelmiszer-termel\u00e9sben.2004-es  megalakul\u00e1sa \u00f3ta, \u00cdrorsz\u00e1g els\u0151 sz\u00e1m\u00fa t\u00f6bb b\u00e9rl\u0151s \u00e9lelmiszertermel\u00e9si v\u00e1llalkoz\u00e1si k\u00f6zpontj\u00e1v\u00e1 v\u00e1llt,  egy szoci\u00e1lis v\u00e1llalkoz\u00e1s vezet\u00e9se alatt. K\u00fcl\u00f6nlegess\u00e9ge, az id\u0151ben megosztott termel\u00e9si konyha \u00e9s ez biztos\u00edtja a v\u00e1llalkoz\u00f3i ismeretek oktat\u00e1s\u00e1t \u00e9s szolg\u00e1ltat\u00e1st a felt\u00f6rekv\u0151, indul\u00f3 \u00e9lelmiszeripari v\u00e1llalatok sz\u00e1m\u00e1ra a h\u00e1tr\u00e1nyos helyzet\u0171 vid\u00e9ki t\u00e9rs\u00e9gben. A Food Hub vezeti a harmadik projektter\u00fcletet, amely az innovat\u00edv, ipar\u00e1g alap\u00fa foglalkoztathat\u00f3s\u00e1gi k\u00e9pz\u00e9si modul tesztel\u00e9s\u00e9t, a fiatal munkan\u00e9lk\u00fcliek bevon\u00e1s\u00e1val.<\/p>\n<a href=\"http:\/\/www.thefoodhub.com\/\" target=\"_self\" class=\"button small primary\">Visit The Food Hub Website<\/a><\/div><div class=\"fivecol column last\"><a href=\"http:\/\/nourisheu.com\/wp-content\/uploads\/2015\/01\/food-hub-logo.jpg\"><img loading=\"lazy\" decoding=\"async\" class=\"alignnone size-full wp-image-2219\" src=\"http:\/\/nourisheu.com\/wp-content\/uploads\/2015\/01\/food-hub-logo.jpg\" alt=\"food hub logo\" width=\"350\" height=\"250\" \/><\/a><\/div><div class=\"clear\"><\/div><\/div><div class=\"pane\" id=\"momentum-irorszag-tab\"><div class=\"sevencol column\">\n<h1>Momentum<\/h1>\n<p style=\"text-align: justify;\">Momentum egy v\u00e1llalatfokusz\u00fa kutat\u00e1si \u00e9s oktat\u00e1si szervezet, amely korszer\u0171 tanul\u00e1si programok kidolgoz\u00e1s\u00e1ra szakosodott oktat\u00e9si int\u00e9zm\u00e9nyek sz\u00e1m\u00e1ra . Momentum felel\u0151ss\u00e9ge ebben a projektben l\u00e9trehozni egy \u00faj oktat\u00e1si  seg\u00e9danyagot az \u00e9lelmez\u00e9si kis- \u00e9s k\u00f6z\u00e9pv\u00e1llalkoz\u00e1sok tulajdonosai \u00e9s alkalmazottai sz\u00e1m\u00e1ra, a kreat\u00edv m\u00f3don el\u0151\u00e1ll\u00edthat\u00f3 \u00e9s forgalmazhat\u00f3 eg\u00e9szs\u00e9ges \u00e9telekr\u0151l. A c\u00e9lunk az, hogy egy online kurzus seg\u00edts\u00e9g\u00e9vel fejlessz\u00fck a v\u00e1llalkoz\u00f3k \u00e9s alkalmazottaik k\u00e9pess\u00e9geit, hogy k\u00e9pesek legyenek nagy v\u00e1ltoz\u00e1sokat bevezetni a saj\u00e1t v\u00e1llalkoz\u00e1sukban<\/p>\n<a href=\"http:\/\/www.momentumconsulting.ie\/\" target=\"_self\" class=\"button small primary\">Visit Momentum Website<\/a><\/div><div class=\"fivecol column last\"><a href=\"http:\/\/nourisheu.com\/wp-content\/uploads\/2015\/01\/momentum-new-logo.jpg\"><img loading=\"lazy\" decoding=\"async\" class=\"alignnone size-full wp-image-2221\" src=\"http:\/\/nourisheu.com\/wp-content\/uploads\/2015\/01\/momentum-new-logo.jpg\" alt=\"momentum new logo\" width=\"350\" height=\"250\" \/><\/a><\/div><div class=\"clear\"><\/div><\/div><div class=\"pane\" id=\"canice-consulting-egyesult-kiralysag-tab\"><div class=\"sevencol column\">\n<h1>Canice Consulting<\/h1>\n<p style=\"text-align: justify;\">Canice Consulting (CC) egy kicsi, de stabil mag\u00e1nc\u00e9g, \u00c9szak-\u00cdrorsz\u00e1gi sz\u00e9khellyel, \u00e9rdekelt helyi \u00e9s region\u00e1lis fejleszt\u00e9sekben, v\u00e1llalati oktat\u00e1sban, EU-s projektk menedzsmentj\u00e9ben \u00e9s m\u0171szaki t\u00e1mogat\u00e1s\u00e1ban.. F\u0151leg az Eur\u00f3pai Uni\u00f3 piacain sz\u00e9lesk\u00f6r\u0171 tan\u00edt\u00e1si szolg\u00e1ltat\u00e1sban j\u00e1rtas. A  Canice Consulting lesz a felel\u0151s a tanul\u00e1si seg\u00e9deszk\u00f6z\u00f6k online kurzuss\u00e1 alak\u00edt\u00e1s\u00e1\u00e9rt a kis- \u00e9s k\u00f6z\u00e9pv\u00e1llalkoz\u00f3k \u00e9s alkalmazottaik sz\u00e1m\u00e1ra.<\/p>\n<a href=\"http:\/\/www.caniceconsulting.com\/\" target=\"_self\" class=\"button small primary\">Visit Canice Consulting Website<\/a><\/div><div class=\"fivecol column last\"><a href=\"http:\/\/nourisheu.com\/wp-content\/uploads\/2015\/01\/Canice-logo.jpg\"><img loading=\"lazy\" decoding=\"async\" class=\"alignnone size-full wp-image-2226\" src=\"http:\/\/nourisheu.com\/wp-content\/uploads\/2015\/01\/Canice-logo.jpg\" alt=\"Canice logo\" width=\"350\" height=\"250\" \/><\/a><\/div><div class=\"clear\"><\/div><\/div>\n<div class=\"pane\" id=\"euro-perspectives-foundation-bulgaria-tab\"><div class=\"sevencol column\">\n<h1>Euro Perspectives Foundation<\/h1>\n<p style=\"text-align: justify;\">A bolg\u00e1r Euro Perpectives Foundation egy bolg\u00e1r non-profit, nem \u00e1llami, de k\u00f6z\u00e9rdek\u0171 szervezet. 12 alkalmazott \u00e9s egy 5 f\u0151s vezet\u00e9s munk\u00e1j\u00e1val az Euro Perspectives Foundation oktat\u00e1si \u00e9s inform\u00e1ci\u00f3s k\u00f6zpontk\u00e9nt m\u0171k\u00f6dve a fenntarthat\u00f3 fejl\u0151d\u00e9s\u00e9rt dolgozik Eur\u00f3p\u00e1ban, valamint az eur\u00f3pai integr\u00e1ci\u00f3 meger\u0151s\u00edt\u00e9s\u00e9n a Nyugat-Balk\u00e1n r\u00e9gi\u00f3ban. A bolg\u00e1r Euro Perspective Foundation, nagy tapasztalat\u00e1t felhaszn\u00e1lva a region\u00e1lis \u00e9lelmiszeriparban, fogja vezetni az \u201cEg\u00e9szs\u00e9ges \u00e9telek\u00e9rt tud\u00e1st\u00e1r\u201d elk\u00e9sz\u00fcl\u00e9s\u00e9t, emellett a projekt \u00e9rt\u00e9kel\u00e9s\u00e9t \u00e9s a fenntarthat\u00f3s\u00e1gi strat\u00e9gi\u00e9t fogj\u00e1k elk\u00e9sz\u00edteni. A t\u00f6rt\u00e9net\u00fck \u00e9s kor\u00e1bbi referenci\u00e1juk leny\u0171g\u00f6z\u0151, nagy szakmai tapasztalattal rendelkeznek.<\/p>\n<a href=\"http:\/\/www.europerspectives.org\/\" target=\"_self\" class=\"button small primary\">Visit Euro Perspectives Foundation\u00a0 Website<\/a><\/div><div class=\"fivecol column last\"><a href=\"http:\/\/nourisheu.com\/wp-content\/uploads\/2015\/01\/epf-logo.jpg\"><img loading=\"lazy\" decoding=\"async\" class=\"alignnone size-full wp-image-2228\" src=\"http:\/\/nourisheu.com\/wp-content\/uploads\/2015\/01\/epf-logo.jpg\" alt=\"epf logo\" width=\"350\" height=\"250\" \/><\/a><\/div><div class=\"clear\"><\/div><\/div>\n<div class=\"pane\" id=\"vm-kaszk-magyarorszag-tab\"><div class=\"sevencol column\">\n<h1>VM KASZK<\/h1>\n<p style=\"text-align: justify;\">A K\u00f6z\u00e9p-magyarorsz\u00e1gi Agr\u00e1r-szakk\u00e9pz\u0151 K\u00f6zpont (FM KASZK) a legnagyobb mez\u0151gazdas\u00e1gi iskola, az er\u0151s mez\u0151gazdas\u00e1gi \u00e9s az \u00e9lelmiszer-feldolgoz\u00e1si r\u00e9gi\u00f3ban. A n\u00e9gy szakk\u00e9pz\u0151 iskol\u00e1ban, t\u00f6bb mint 1500 di\u00e1k tanul \u00e9s 150 oktat\u00f3 dolgozik. A K\u00f6z\u00e9p-magyarorsz\u00e1gi Agr\u00e1r-szakk\u00e9pz\u0151 K\u00f6zpont pedag\u00f3giai \u00e9s nemzetk\u00f6zi tapasztalata ide\u00e1lis partnerr\u00e9 teszi a tanul\u00e1si seg\u00e9deszk\u00f6z\u00f6k tesztel\u00e9s\u00e9re \u00e9s biztos\u00edtja a projekt megfelel\u0151 szakmai h\u00e1tter\u00e9t.<\/p>\n<a href=\"http:\/\/www.kaszk.hu\/\" target=\"_self\" class=\"button small primary\">Visit VM KASZK \u00a0Website<\/a><\/div><div class=\"fivecol column last\"><a href=\"http:\/\/nourisheu.com\/wp-content\/uploads\/2015\/01\/VM-KASZK-Logo1.png\"><img loading=\"lazy\" decoding=\"async\" class=\"alignnone wp-image-2321 size-full\" src=\"http:\/\/nourisheu.com\/wp-content\/uploads\/2015\/01\/VM-KASZK-Logo1.png\" alt=\"\" width=\"333\" height=\"238\" \/><\/a><\/div><div class=\"clear\"><\/div><\/div>\n<\/div><\/div>\n","protected":false},"excerpt":{"rendered":"","protected":false},"author":1,"featured_media":0,"parent":12,"menu_order":0,"comment_status":"open","ping_status":"open","template":"","meta":{"footnotes":""},"class_list":["post-22","page","type-page","status-publish","hentry"],"_links":{"self":[{"href":"https:\/\/hu.nourisheu.com\/index.php?rest_route=\/wp\/v2\/pages\/22","targetHints":{"allow":["GET"]}}],"collection":[{"href":"https:\/\/hu.nourisheu.com\/index.php?rest_route=\/wp\/v2\/pages"}],"about":[{"href":"https:\/\/hu.nourisheu.com\/index.php?rest_route=\/wp\/v2\/types\/page"}],"author":[{"embeddable":true,"href":"https:\/\/hu.nourisheu.com\/index.php?rest_route=\/wp\/v2\/users\/1"}],"replies":[{"embeddable":true,"href":"https:\/\/hu.nourisheu.com\/index.php?rest_route=%2Fwp%2Fv2%2Fcomments&post=22"}],"version-history":[{"count":2,"href":"https:\/\/hu.nourisheu.com\/index.php?rest_route=\/wp\/v2\/pages\/22\/revisions"}],"predecessor-version":[{"id":54,"href":"https:\/\/hu.nourisheu.com\/index.php?rest_route=\/wp\/v2\/pages\/22\/revisions\/54"}],"up":[{"embeddable":true,"href":"https:\/\/hu.nourisheu.com\/index.php?rest_route=\/wp\/v2\/pages\/12"}],"wp:attachment":[{"href":"https:\/\/hu.nourisheu.com\/index.php?rest_route=%2Fwp%2Fv2%2Fmedia&parent=22"}],"curies":[{"name":"wp","href":"https:\/\/api.w.org\/{rel}","templated":true}]}}