{"id":16,"date":"2015-06-12T13:14:19","date_gmt":"2015-06-12T13:14:19","guid":{"rendered":"http:\/\/hu.nourisheu.com\/?page_id=16"},"modified":"2015-06-12T13:14:54","modified_gmt":"2015-06-12T13:14:54","slug":"celjaink","status":"publish","type":"page","link":"https:\/\/hu.nourisheu.com\/?page_id=16","title":{"rendered":"C\u00e9ljaink"},"content":{"rendered":"<h2><div class=\"widget\"><div class=\"widget-title\"><h3 class=\"nomargin\">C\u00e9lunk:<\/h3><\/div><div class=\"widget-content\">\u201cEg\u00e9szs\u00e9ges \u00e9s v\u00e1ltozatos \u00e9tkez\u00e9s ir\u00e1nt elk\u00f6tlezett r\u00e9gi\u00f3k kialak\u00edt\u00e1snak seg\u00edt\u00e9se az Egyes\u00fclt Kir\u00e1lys\u00e1gban\/\u00c9szak-\u00cdrorsz\u00e1gban, Bulg\u00e1ri\u00e1ban, \u00cdrorsz\u00e1gban \u00e9s Magyarorsz\u00e1gon.\u201d <\/div><\/div><\/h2>\n<h3>Projekt\u00fcnk h\u00e1rom egyszer\u0171 feladata:<\/h3>\n<p>1. Egy olyan eszk\u00f6zt\u00e1r l\u00e9trehoz\u00e1sa, amely el\u0151seg\u00edti region\u00e1lis partnereinket abban, hogy az eg\u00e9szs\u00e9ges t\u00e1pl\u00e1lkoz\u00e1s ir\u00e1nt elk\u00f6telezett helyi h\u00e1l\u00f3zat kialakuljon.<\/p>\n<p>2. Egy mindenki sz\u00e1m\u00e1ra el\u00e9rhet\u0151 oktat\u00e1si seg\u00e9danyag gy\u0171jtem\u00e9ny \u00f6ssze\u00e1ll\u00edt\u00e1sa egy online kurzus seg\u00edts\u00e9g\u00e9vel az \u00e9lelmiszeripari kis- \u00e9s k\u00f6z\u00e9pv\u00e1llalkoz\u00e1sok dolgoz\u00f3i sz\u00e1m\u00e1ra. A kurzus c\u00edme: \u201cKreat\u00edv m\u00f3dszerek az eg\u00e9szs\u00e9ges \u00e9telek el\u0151\u00e1ll\u00edt\u00e1s\u00e1ra \u00e9s terjeszt\u00e9s\u00e9re\u201d \u00e9s f\u00f3kusz\u00e1ban a tulajdonosok \u00e9s dolgoz\u00f3k tan\u00edt\u00e1sa fog \u00e1llni, hogy hogyan vezessenek be v\u00e1llalkoz\u00e1sukba fejleszt\u00e9seket \u00e9s \u00faj, kret\u00edv m\u00f3dszereket<\/p>\n<p>3. Egy ipar\u00e1g alap\u00fa foglalkoztatotts\u00e1g n\u00f6vel\u0151 k\u00e9pz\u00e9si modul tesztel\u00e9se fiatal munkan\u00e9lk\u00fcliek sz\u00e1m\u00e1ra. Ezt a modult az \u00e9lelmiszeripari kis- \u00e9s k\u00f6z\u00e9pv\u00e1llalkoz\u00e1sok vezet\u0151i fogj\u00e1k tartani gyakorlati helyek biztos\u00edt\u00e1s\u00e1val a tanul\u00f3k sz\u00e1m\u00e1ra, akik \u00edgy \u00faj k\u00e9pess\u00e9geket saj\u00e1t\u00edtanak el jobb foglalkoztathat\u00f3s\u00e1guk \u00e9rdek\u00e9ben<\/p>\n","protected":false},"excerpt":{"rendered":"<p>Projekt\u00fcnk h\u00e1rom egyszer\u0171 feladata: 1. Egy olyan eszk\u00f6zt\u00e1r l\u00e9trehoz\u00e1sa, amely el\u0151seg\u00edti region\u00e1lis partnereinket abban, hogy az eg\u00e9szs\u00e9ges t\u00e1pl\u00e1lkoz\u00e1s ir\u00e1nt elk\u00f6telezett helyi h\u00e1l\u00f3zat kialakuljon. 2. Egy mindenki sz\u00e1m\u00e1ra el\u00e9rhet\u0151 oktat\u00e1si seg\u00e9danyag gy\u0171jtem\u00e9ny \u00f6ssze\u00e1ll\u00edt\u00e1sa egy online kurzus seg\u00edts\u00e9g\u00e9vel az \u00e9lelmiszeripari kis- \u00e9s k\u00f6z\u00e9pv\u00e1llalkoz\u00e1sok dolgoz\u00f3i sz\u00e1m\u00e1ra. A kurzus c\u00edme: \u201cKreat\u00edv m\u00f3dszerek az eg\u00e9szs\u00e9ges \u00e9telek el\u0151\u00e1ll\u00edt\u00e1s\u00e1ra \u00e9s terjeszt\u00e9s\u00e9re\u201d \u00e9s [&hellip;]<\/p>\n","protected":false},"author":1,"featured_media":0,"parent":12,"menu_order":0,"comment_status":"open","ping_status":"open","template":"","meta":{"footnotes":""},"class_list":["post-16","page","type-page","status-publish","hentry"],"_links":{"self":[{"href":"https:\/\/hu.nourisheu.com\/index.php?rest_route=\/wp\/v2\/pages\/16","targetHints":{"allow":["GET"]}}],"collection":[{"href":"https:\/\/hu.nourisheu.com\/index.php?rest_route=\/wp\/v2\/pages"}],"about":[{"href":"https:\/\/hu.nourisheu.com\/index.php?rest_route=\/wp\/v2\/types\/page"}],"author":[{"embeddable":true,"href":"https:\/\/hu.nourisheu.com\/index.php?rest_route=\/wp\/v2\/users\/1"}],"replies":[{"embeddable":true,"href":"https:\/\/hu.nourisheu.com\/index.php?rest_route=%2Fwp%2Fv2%2Fcomments&post=16"}],"version-history":[{"count":1,"href":"https:\/\/hu.nourisheu.com\/index.php?rest_route=\/wp\/v2\/pages\/16\/revisions"}],"predecessor-version":[{"id":17,"href":"https:\/\/hu.nourisheu.com\/index.php?rest_route=\/wp\/v2\/pages\/16\/revisions\/17"}],"up":[{"embeddable":true,"href":"https:\/\/hu.nourisheu.com\/index.php?rest_route=\/wp\/v2\/pages\/12"}],"wp:attachment":[{"href":"https:\/\/hu.nourisheu.com\/index.php?rest_route=%2Fwp%2Fv2%2Fmedia&parent=16"}],"curies":[{"name":"wp","href":"https:\/\/api.w.org\/{rel}","templated":true}]}}